
31
Let v be (-13)/((-1274)/42) - ((-38572)/28 + 2). What is the greatest common divisor of v and 387?
43
Let k be (-1 - 27/(-21)) + 4/(-14). Suppose k = -j - 0*q + 5*q + 22, 0 = j + 2*q - 1. Calculate the highest common divisor of j and 679.
7
Let j be (6*(-45)/(-6))/(-3 + 4). Let r = -77 - -572. Calculate the greatest common divisor of r and j.
45
Let p = -38 + 42. Let n(z) = 2 + 6*z**3 + p*z - 6*z - 2*z**3. Let f be n(1). Calculate the greatest common factor of f and 1.
1
Let x = -3619 + 3638. Suppose 87 + 62 = j - 4*q, -4*q = -3*j + 415. Calculate the greatest common factor of j and x.
19
Suppose 0 = -0*s - 10*s + 5821 - 1861. What is the greatest common divisor of s and 3036?
132
Suppose 0 = 55*s - 72*s + 214 + 41. Calculate the highest common divisor of s and 2865.
15
Let c(a) = 23*a - 70. Let h be c(4). Suppose 4*m = 4*g + 72, -g + 0*g = m - h. Calculate the greatest common factor of 15 and m.
5
Let z = -158 + 154. Let u(m) = -m**2 - 6*m + 4. Let t be u(z). Calculate the highest common factor of t and 15.
3
Let l(a) = 173*a - 522. Let p be l(4). What is the greatest common divisor of 330 and p?
10
Let r(x) = -106*x - 14. Let y be r(-3). Suppose y = 11*m - 169. What is the highest common divisor of 473 and m?
43
Suppose 477*r - 481*r + 16 = 0. What is the greatest common factor of r and 65?
1
Let u = 31875 + -9270. Calculate the greatest common factor of 55 and u.
55
Suppose 20*p - 941 = -203 - 18. Let z be -2 + (2 - -1) + 7. What is the greatest common factor of z and p?
4
Suppose 3*q + 0 = -5*f + 5, 5*f = 5*q + 45. Let v be 6/(-9)*-60 + (4 - f). Calculate the greatest common factor of v and 80.
40
Suppose 24 = 2*u - 9*k + 5*k, -5*u - k = -5. Suppose 914 = u*j + 64. What is the greatest common divisor of j and 17?
17
Suppose 0 = -309*g + 308*g + 30. Let l = -894 + 1284. Calculate the highest common divisor of l and g.
30
Let n = -29 + 61. Suppose -h + 6 = h. Suppose h*g - 55 = 2*c + n, 2*g + 4*c - 42 = 0. Calculate the greatest common factor of 54 and g.
27
Let p = -67 + 252. Suppose 31 - p = -7*d. Let n be 10*((-15)/(-2) + -2). What is the highest common factor of n and d?
11
Suppose 621*v = 649*v - 336. What is the highest common divisor of 11292 and v?
12
Let t be (-83 - -86)*1313/3. Calculate the highest common divisor of t and 39.
13
Let r = -2652 + 2668. Calculate the highest common divisor of r and 18.
2
Suppose m - 2*m + 12 = 3*w, -3*w - 5*m = -24. Suppose 4*t + 6 = 2*s - 0*t, -29 = -3*s - 4*t. What is the highest common factor of s and w?
1
Suppose 2*s - s - 3*f - 22 = 0, -4*s - 3*f = -148. Let i(o) = o**2 - 7*o - 2. Let m be i(8). Let r = m - -368. What is the highest common factor of s and r?
34
Let q be ((-84240)/2268)/(2/(-14)). Calculate the highest common divisor of 580 and q.
20
Suppose n - 748 = -3*t + 963, 0 = 4*t + 3*n - 2293. What is the greatest common factor of t and 1633?
71
Let m = 2702 + -1332. What is the highest common factor of m and 20?
10
Let v = 2942 - 2771. What is the greatest common divisor of 117 and v?
9
Let p = -17294 + 20209. What is the greatest common divisor of 15 and p?
5
Let m = 6050 - 5362. Calculate the greatest common factor of 400 and m.
16
Let i = 5223 - 5178. Calculate the highest common factor of 576 and i.
9
Let t(n) = 127*n**2 + 59*n - 96. Let u be t(2). Calculate the highest common divisor of u and 30.
10
Let f be (-32 - (-44 - -16)) + 4*3263. Calculate the highest common factor of f and 14.
14
Suppose 0 = -2*r + 4*h + 2 + 8, h + 10 = 2*r. Suppose 5*f + 0*p - 385 = -5*p, -f = r*p - 81. Calculate the highest common divisor of f and 114.
38
Suppose r + 12 = 4*r. Suppose 2*h = r*j + 2, -3*j + 1 = 5*h - 4. Suppose g - 3*n = -j*g - 6, -3*g + 5*n = 6. What is the highest common divisor of 1 and g?
1
Let f = 70 - 66. Suppose f*z + r - 1763 = -z, z + 2*r = 358. Let d(w) = -45*w - 1. Let x be d(-1). What is the greatest common divisor of x and z?
44
Suppose 3*d = -15 + 24. Suppose d*j = -8 + 17. Suppose 200 = -j*x + 7*x. Calculate the greatest common divisor of 200 and x.
50
Let m = 5504 - 5484. What is the highest common factor of 3260 and m?
20
Suppose 73*w + 3976 - 16186 = 18*w. What is the highest common factor of w and 11433?
111
Let r = 103 - 91. Suppose -r = -4*y, 5 = t - 2*y + 7. Calculate the highest common divisor of 7 and t.
1
Suppose 2*g = 17 + 53. Let f(s) = -35 + 0*s**2 - 14*s + s**2 + 53. Let u be f(13). What is the highest common factor of u and g?
5
Let a be 6*4/6 - 2. Suppose 2*s = -a*p + 104, -4*s - 19 = -2*p - 227. Calculate the highest common factor of 8 and s.
4
Let s be (26 - 12)*1152/224. What is the highest common divisor of 16164 and s?
36
Let n(t) = t**3 - 39*t**2 + 208*t - 321. Let y be n(33). Calculate the highest common factor of 5877 and y.
9
Let u(a) = -14*a - 159. Let g be u(-11). Let t(m) = -10*m + 20. Let l be t(g). Calculate the highest common divisor of 140 and l.
70
Suppose 0 = 2*i - j + 598, -5*i - 3*j - 2*j - 1525 = 0. Let b = -145 - i. What is the greatest common factor of b and 12?
12
Let l be 174*((1*-2)/(-14))/(32/112). Calculate the highest common divisor of 1653 and l.
87
Let i be (-18)/27 - (2 + (-8500)/15). What is the greatest common divisor of 12 and i?
12
Let d(o) = 333*o - 14. Let p be d(1). Let k = -289 + p. What is the greatest common factor of k and 15?
15
Let n = -224 - -237. Let w = n - -3. Calculate the highest common factor of 24 and w.
8
Let h = -5765 + 5790. What is the highest common divisor of h and 51375?
25
Let i be 198/(-594) + 121/3 + -2. Let n be -1 + 230/(2 - 0). Calculate the highest common divisor of i and n.
38
Suppose 20*o + 739 = 3*x + 18*o, 957 = 4*x + 3*o. Suppose 0 = 18*n - 27*n + x. What is the greatest common divisor of 729 and n?
27
Let p(w) = 27*w**2 + 1887*w - 160. Let a be p(-73). Calculate the greatest common divisor of 4 and a.
4
Suppose -9*s - 14 = -140. Let y = s + 68. Let f be (y/(-2) + 2)*-1. Calculate the greatest common divisor of 78 and f.
39
Suppose -9*i - 1293 + 3021 = 0. Let n be (3 - 1) + (2 + 5)*34. What is the greatest common factor of n and i?
48
Let l = -33 + 95. Let f = 96 - l. Suppose 3*s - 4*o + 0*o - 152 = 0, 0 = s + 2*o - f. Calculate the highest common divisor of 22 and s.
22
Let r(q) = 215*q - 5776. Let l be r(27). Let h be (1/2)/(2/232). Calculate the highest common divisor of h and l.
29
Let h = 10259 + -10237. Calculate the greatest common divisor of h and 1342.
22
Let w be (-2)/7 + (-3208)/(-105) + (-368)/1380. What is the highest common factor of 9370 and w?
10
Let c(r) = r**2 - 192*r + 3893. Let n be c(23). Suppose -4*u + 2*u + 24 = 0. What is the greatest common factor of u and n?
6
Suppose 0 = -4*b + 50 + 26. Let q be ((-800)/(-6) - -6)*(-3)/(-2). What is the greatest common divisor of b and q?
19
Let i be 12/(-8) - (-1)/4*6. Suppose 16*z - 20*z + 900 = i. What is the highest common factor of z and 25?
25
Let a(z) = z**3 - 4044. Let q be a(0). Suppose 43*j - 31980 = 11536. Let s be (-1 - -2)/(q/j - -4). Calculate the greatest common divisor of 11 and s.
11
Let k be -35*72/15*-1. Let y(r) = -5*r + 6*r + 6 - 2 + 10. Let g be y(10). What is the highest common factor of k and g?
24
Let k = -5267 + 5991. What is the greatest common divisor of 1629 and k?
181
Suppose 6*c = -g + 36231, 26*c + 3*g = 30*c - 24165. What is the greatest common factor of c and 77?
11
Let y(q) = -2*q. Let m be y(-1). Let a(s) = 3*s + 6 - s**m + 4*s**2 + s + 4. Let b be a(-3). What is the highest common divisor of 10 and b?
5
Let v = -12 + 20. Let t be (-6 - -2)/((-2)/v). Let k(y) = 116*y**2 - 94*y + 18. Let z be k(1). Calculate the greatest common factor of z and t.
8
Suppose -176*g + 175*g + 18 = 0. Let f = 5 + 2. Suppose f*j - 288 = 3*j. Calculate the greatest common factor of j and g.
18
Let d(q) = -1490*q - 1472. Let a be d(-1). Calculate the greatest common divisor of 171 and a.
9
Let x(a) = 2*a**3 + 39*a**2 - 108*a + 83. Let n be x(-22). What is the greatest common factor of n and 247?
13
Let f be -4*(14/(-4) - -4)*15/(-3). Calculate the highest common divisor of 3715 and f.
5
Suppose -2*m = -3*m + 2*d + 40, -2*d = -4*m + 142. Let l be (17/m)/(-1 - (-17)/16). Calculate the greatest common factor of 56 and l.
8
Suppose -10*o = -19*o - 31*o + 80. Calculate the highest common divisor of o and 3242.
2
L